 v + -26. Suppose 6*i - 414 = -5*a + 3*i, 2*a - 3*i = o. List the prime factors of a.
3
Suppose 4*z = -u - 0*u + 588, -4*u + 3*z + 2333 = 0. Suppose 37*f + 464 = 4*b + 33*f, -5*b + u = -f. What are the prime factors of b?
3, 13
Suppose 0 = 49*v - 41*v - 16. Let q = -517 - -1024. Suppose -2*c = -2*z + 498, c + q = v*z - 4*c. List the prime factors of z.
2, 3, 41
Let v = 3693 - -36096. List the prime factors of v.
3, 4421
Suppose 3*d + 1888 - 661 = 0. Let l = d - -686. What are the prime factors of l?
277
Suppose 15*v + 14191 = 1246. Let m = v - -1780. What are the prime factors of m?
7, 131
Suppose -3*q + 93381 = -2*j - 12279, -4*q + j = -140895. What are the prime factors of q?
2, 3, 19, 103
What are the prime factors of (567090/14)/3 + 8 + (-171)/21?
2, 43, 157
Let y = 141 + -211. What are the prime factors of y/70 - (-1968)/2?
983
Let v = -50084 - -72606. Suppose 40*y - v + 2242 = 0. What are the prime factors of y?
3, 13
Suppose -4*c - 10 - 2 = 0. Let r be 6/(c/((-12)/(-4))). Let f = -2 - r. List the prime factors of f.
2
Let a(g) = 1403*g + 2952. What are the prime factors of a(34)?
2, 19, 31, 43
Let w = 148 + -145. What are the prime factors of w/7 - 65658/(-217)?
3, 101
Let l be 1 - 1 - (-111 + -4). Let t = 324 + -420. Let h = l + t. List the prime factors of h.
19
Suppose 0 = -4*x - 6*x - 1570. Let z = -138 - x. What are the prime factors of (-1 + z)*(-94)/(-6)?
2, 3, 47
Suppose -5*f + 2*y + 2*y + 21658 = 0, -f + 4332 = -y. Suppose -16*x - 5*j = -13*x - 3230, -5*j - f = -4*x. List the prime factors of x.
2, 3, 5
Let y(w) = 9*w**2 - 13*w + 1819. Let u(i) = -5*i**2 + 7*i - 909. Let d(q) = 5*u(q) + 3*y(q). What are the prime factors of d(0)?
2, 3, 19
Let r = 65 + -66. Let v be (-5 - -87) + r + 3. Let l = v + -73. List the prime factors of l.
11
Suppose -58*c = -11*c + 34*c - 1198962. List the prime factors of c.
2, 3, 2467
Suppose 0 = 2*i + j - 73664, i + 14*i + 2*j - 552447 = 0. List the prime factors of i.
13, 2833
Let s(d) be the first derivative of d**3/3 + d**2/2 + d + 16. Let a be s(-3). Suppose -a - 7 = -n + l, -3*n = -2*l - 37. What are the prime factors of n?
3
Let z = -33 + 27. What are the prime factors of 19107/772 + 1 + z/8?
5
Let u be 18/(-36) + 2/4. Suppose u = -4*p - 2*a + 1540, 0*a = -p + 4*a + 385. What are the prime factors of p?
5, 7, 11
Suppose -u = -3*u + 8*u. Suppose 5*c + 65 = 5*n, u = -n - c + 3. Let j = 50 + n. What are the prime factors of j?
2, 29
List the prime factors of (99/(-54))/((-7)/120162).
11, 2861
Let t(p) be the first derivative of 3 + 2*p + 23/2*p**2. List the prime factors of t(6).
2, 5, 7
Suppose 16608 = 3*r - 3*l, 31*l + 12 = 27*l. What are the prime factors of r?
11, 503
Suppose 129 = 4*d - 2*w - 69, 0 = -3*d + 4*w + 141. What are the prime factors of d - (7 + -5 + 4)?
3, 5
Let v(s) = s - 10. Let o be v(13). Suppose 9 = -2*z + m, -o*z = 2*m - 3*m + 15. What are the prime factors of (0 - z)/((-6)/(-92))?
2, 23
Let p(c) = c - 12. Suppose 3*t = -b + 8 - 0, -4*b = 2*t - 42. Let x be p(b). List the prime factors of (3 + -3)/x - -22.
2, 11
Let i(g) be the third derivative of 29*g**5/60 + g**4/24 + 31*g**3/6 - 68*g**2. List the prime factors of i(-5).
751
Suppose 0 = 4*u + 12*r - 15*r - 1755, -4*u + 1756 = -4*r. What are the prime factors of u?
2, 3, 73
Let g(t) = -27*t**2 + 7*t - 13. Let i(s) = 25*s**2 - 8*s + 12. Let f(q) = 5*g(q) + 6*i(q). List the prime factors of f(5).
317
List the prime factors of (-68 + 0)/(4554/253 - (-14008)/(-778)).
2, 17, 389
Suppose 21*j - 16059 = 22938. Let u = -790 + j. What are the prime factors of u?
11, 97
Suppose -6*a = -5*a + 6. Let s(w) = w**2 + w - 7. Let f be s(a). Suppose -z + 39 + f = 0. What are the prime factors of z?
2, 31
Suppose 14*m = 146055 + 266175. What are the prime factors of m?
3, 5, 13, 151
Let k(t) = 17*t - 78. Let s be k(47). Suppose 0 = s*f - 726*f + 5010. What are the prime factors of f?
2, 3, 167
Let f = -1266 + 1741. List the prime factors of f.
5, 19
Suppose 43*o - 374061 - 49403 = 0. List the prime factors of o.
2, 1231
Let w = -98 + 102. What are the prime factors of 17*35 - w/(-16)*8?
3, 199
Suppose 2*s = 4*i + 6, -5*s + 2*i - 23 = -78. Suppose 4*d + 1 = z + s, 0 = 5*z - d - 16. Suppose -277 = -z*u + 427. What are the prime factors of u?
2, 11
Let b(g) be the second derivative of 11*g**4/12 + g**3/2 - 14*g**2 + 19*g. Let c(m) = -2*m**2 - 11*m - 1. Let p be c(-5). List the prime factors of b(p).
2, 5
Suppose 0 = -3*v - 3*b + 57, -11*v + 46 = -9*v + 4*b. Suppose -v*u + 7536 = u. What are the prime factors of u?
3, 157
What are the prime factors of (-7367 + (21 - 13))/(-3)?
11, 223
Let n = -17 - -34. Suppose -34 = -20*l + 46. Let v = n + l. What are the prime factors of v?
3, 7
Suppose -20 = -7*n + 6*n. Suppose 0 = 5*h + n - 70. What are the prime factors of 0*1/(-2) + h + 13?
23
Let a be (((-28)/(-8))/1 - 0)*10. Suppose -j + a = 6*j. What are the prime factors of -3 - (1 + -13*j)?
61
Suppose 2238 = -3*g + 3*f + 6087, 1277 = g + 5*f. Suppose -3*z + 4282 = 5*l, -l + 2*z + 850 = z. Suppose 8*u - g = l. What are the prime factors of u?
3, 89
Let l(f) = -6382*f - 2118. What are the prime factors of l(-4)?
2, 5, 2341
Suppose 15*c - 60*c = -182970. What are the prime factors of c?
2, 19, 107
Let i(c) be the third derivative of c**5/60 + 7*c**4/6 + 53*c**3/2 + 119*c**2. What are the prime factors of i(-33)?
2, 3
Let w(l) = -16544*l + 3752. List the prime factors of w(-3).
2, 6673
Let v(u) = 47*u + 28. Let r be v(5). Let q be r/2*2 + -4 + 2. Let k = -100 + q. List the prime factors of k.
7, 23
Suppose 5*i = 40 + 130. Let m = 37 - i. Suppose -4*n + 4*p + 157 = -n, m*n - 152 = 5*p. List the prime factors of n.
59
Suppose -2*x - 11*b + 552 = -7*b, 5*b - 267 = -x. Suppose -2*y - 4*a = a - x, -5*y + 726 = 2*a. List the prime factors of y.
2, 73
Let g(s) = s**3 + 64*s**2 + 124*s - 171. List the prime factors of g(-60).
3, 31, 73
Let v = 14892 - 1652. List the prime factors of v.
2, 5, 331
What are the prime factors of 50/(-6) - 16/24 - -25011?
2, 3, 463
Suppose -4*d - 2*g + 3312 = -3*g, -2*g = 5*d - 4153. Let r = d + -226. What are the prime factors of r?
3, 67
Suppose -x - m = -48991, 831 - 851 = -4*m. List the prime factors of x.
2, 7, 3499
Let a = -120 - -107. Let l be 4/10 + (-48)/20. Let b = l - a. List the prime factors of b.
11
Let i be (625/10)/(1/2). Let l = 423 + -417. Let x = i - l. List the prime factors of x.
7, 17
Let o(b) = 1129*b**2 + 34*b - 67. List the prime factors of o(2).
4517
Let a be ((-216)/(-96))/((-6)/(-16)). Suppose 0 = -a*r + 8129 + 43. What are the prime factors of r?
2, 3, 227
Suppose -77*a = 108*a - 205*a + 89920. List the prime factors of a.
2, 281
Suppose 3*r - 15853 = -k, 2*r + 3755 + 27903 = 2*k. List the prime factors of k.
5, 3167
Let n(r) = 9*r**3 - 6*r**2 + 43*r - 169. List the prime factors of n(9).
7, 29, 31
Suppose 109*h + 105*h = -313*h + 10438816. List the prime factors of h.
2, 619
Let u(h) = 192*h - 81. Let t = -339 + 341. What are the prime factors of u(t)?
3, 101
Let y = -11864 - -26558. What are the prime factors of y?
2, 3, 31, 79
Let y(r) be the third derivative of r**4/3 + r**3/3 - 7*r**2. Let i be y(-1). Let v(g) = 6*g**2 + 14*g - 3. List the prime factors of v(i).
3, 43
Suppose 8*z = -12*z + 1040. Let w(o) = 4*o**2 - 196*o - 55. What are the prime factors of w(z)?
569
Let b = -105 + 158. Suppose 6*j - 589 - b = 0. Suppose -470 + j = -3*a. What are the prime factors of a?
11
Suppose -36928 = -5*p + y, 0 = 37*p - 33*p + 5*y - 29525. Suppose -54*r = -47*r - p. What are the prime factors of r?
5, 211
Let n(y) = -13*y + 47. Let t(j) = -j + 1. Let v be t(8). List the prime factors of n(v).
2, 3, 23
Suppose -5*r + 4*z + 217613 = 0, 0 = 66*r - 62*r - z - 174108. List the prime factors of r.
19, 29, 79
Let o(g) = -2*g**3 + 39*g**2 + 2*g - 17. Let f be o(19). Let s = 733 - f. What are the prime factors of s?
3, 13
Let v(j) = j**3 + 19*j**2 - j - 33. Let w be v(-19). Let f(r) = -26*r + 37. List the prime factors of f(w).
401
Let z be 1/4 + (-3012)/(-48). List the prime factors of (-6684)/(-63) + (-6)/z.
2, 53
Suppose -450984 - 606425 = -44*r - 354201. List the prime factors of r.
2, 61, 131
Let h be ((-86)/(-1)*-1)/((-5)/15). Suppose -2*s + h = s. Suppose -b = -4*q - q + s, 4*b + 55 = 3*q. What are the prime f